s 204826 - 15?
204811
In base 5, what is 3144310 + 102340?
3302200
In base 11, what is -5 + 654680?
654676
In base 8, what is 163 - -31142?
31325
In base 15, what is -3a83b - -29e?
-3a58c
In base 9, what is -2 - -1764325?
1764323
In base 11, what is 10 - -77a6888?
77a6898
In base 15, what is -8b9ee26 - 4?
-8b9ee2a
In base 5, what is 3302130 - -2342?
3310022
In base 8, what is 10165 + -43203?
-33016
In base 13, what is -240c88 + -112?
-24109a
In base 14, what is 1169a + -16c?
1152c
In base 13, what is 70610 + -63?
7057a
In base 16, what is -17ec9f - -16?
-17ec89
In base 9, what is 6067476 + 1?
6067477
In base 13, what is 15a7 - -86a5?
9c7c
In base 14, what is bd9a42 + 7?
bd9a49
In base 7, what is 115 + 43056000?
43056115
In base 4, what is 1023132 + -10111002?
-3021210
In base 16, what is 2c3b8 - -737?
2caef
In base 13, what is 332599 - -27?
3325c3
In base 9, what is -8615 - -27722?
18106
In base 16, what is 34d45 - 8?
34d3d
In base 10, what is -538 + 176164?
175626
In base 16, what is -54 + 605e?
600a
In base 6, what is -4055141 - 2425?
-4102010
In base 2, what is 11100100010 - -1110110100111?
10010011001001
In base 12, what is 3 + -6162a0?
-616299
In base 10, what is -10 - -1345942?
1345932
In base 7, what is 164 - -125354016?
125354213
In base 10, what is -189 - 519707?
-519896
In base 15, what is -50b - b290?
-b79b
In base 12, what is -181268 - a2?
-18134a
In base 11, what is 49a4 + -202a6?
-16402
In base 9, what is 146 + 341382?
341538
In base 14, what is 0 - 22830d9?
-22830d9
In base 12, what is -2 + -42a7320?
-42a7322
In base 3, what is 1020 + -22202110020121?
-22202110012101
In base 7, what is -3266561302 + 3?
-3266561266
In base 4, what is -223103333332 - 110?
-223110000102
In base 3, what is -21121 + -1212002112201?
-1212002211022
In base 9, what is 722 - 5325?
-4503
In base 13, what is -10673 - 8508?
-18b7b
In base 12, what is 361 - 297516?
-297175
In base 10, what is -399 + -5251?
-5650
In base 2, what is 1111100001100111101 - 101?
1111100001100111000
In base 16, what is bf23 - d40?
b1e3
In base 4, what is -2 - -2022030200?
2022030132
In base 10, what is -224761 + -72?
-224833
In base 14, what is 1d1 + -38a2?
-36b1
In base 6, what is -335 + -2432344?
-2433123
In base 14, what is -17565 - 10d3?
-18658
In base 12, what is -835 + -459aa?
-46623
In base 8, what is -1 - 152426002?
-152426003
In base 15, what is 34d509 + 3?
34d50c
In base 10, what is -45 - -1337191?
1337146
In base 10, what is 22 + -19937069?
-19937047
In base 11, what is -a - -2aa270?
2aa261
In base 7, what is -2 - -202220603?
202220601
In base 9, what is 74 - 20215553?
-20215468
In base 8, what is -15471 - -37207?
21516
In base 6, what is -1 - 3220414552?
-3220414553
In base 16, what is 16fc + -365d?
-1f61
In base 16, what is 4be6 + 2a00?
75e6
In base 8, what is -367231 + 27?
-367202
In base 3, what is -10020000 + 120122220?
110102220
In base 12, what is -73516 + -22?
-73538
In base 3, what is 2011222210211 + 1020?
2011222212001
In base 6, what is 13 + 155321225?
155321242
In base 6, what is 13 + 51215450?
51215503
In base 4, what is -2001 - 120103222?
-120111223
In base 14, what is 294 - -a0a7?
a35b
In base 11, what is -87948812 - -3?
-8794880a
In base 15, what is -69a38c + 2?
-69a38a
In base 14, what is -12d + 3dca6c?
3dc93d
In base 7, what is 4 - -44163045?
44163052
In base 4, what is -3220313222 - -13?
-3220313203
In base 6, what is 1322443452414 + 3?
1322443452421
In base 16, what is -2f8d8 + b?
-2f8cd
In base 11, what is 3 - 1260739?
-1260736
In base 5, what is -3110223332 - 21?
-3110223403
In base 3, what is -1021121000 + 2011012?
-1012102211
In base 11, what is 17353 + 5521?
21874
In base 4, what is 103 - -11130021203?
11130021312
In base 11, what is -46 + -36164?
-361aa
In base 6, what is 240 + -115353203?
-115352523
In base 5, what is -123 + 234411234?
234411111
In base 4, what is 33303 + -300022021?
-233322112
In base 7, what is -202463 + -35432?
-241225
In base 13, what is -9c66366 - 5?
-9c6636b
In base 15, what is -4574d3e + -1?
-4574d40
In base 15, what is 1414 - 278c?
-1378
In base 13, what is 169 + 5ccba?
60156
In base 13, what is -28 + -120775?
-1207a0
In base 15, what is -5dcac6 + 42?
-5dca84
In base 7, what is -6134353 + -22?
-6134405
In base 6, what is -405351254 - 2?
-405351300
In base 14, what is 23 + -83742?
-8371d
In base 2, what is 1100 - 11010000010010111101110?
-11010000010010111100010
In base 15, what is -141 - b3d?
-c7e
In base 7, what is 1564 - -105556?
110453
In base 2, what is 10110100010000110 - 1100100?
10110100000100010
In base 9, what is 1530664 - -87?
1530762
In base 16, what is -4af3f1 - -4?
-4af3ed
In base 2, what is -11100110111001 + 1000101001110?
-10100001101011
In base 5, what is -44334320412 + 14?
-44334320343
In base 2, what is 11111011 - -1100001101001111?
1100010001001010
In base 7, what is -13 + -110624?
-110640
In base 12, what is -94 - -77550?
77478
In base 14, what is -143 - 278325?
-278468
In base 8, what is 22606171 - 1?
22606170
In base 15, what is 24134 - 68?
240bb
In base 9, what is -747 + 1775678?
1774831
In base 16, what is 5 + 134c424?
134c429
In base 3, what is 11 + -212102211022101?
-212102211022020
In base 5, what is -4234110 + 304?
-4233301
In base 15, what is -100 - -61791?
61691
In base 6, what is -41243 + 135044?
53401
In base 12, what is -2 + -25a62a8?
-25a62aa
In base 13, what is 2a6193 - 7?
2a6189
In base 10, what is -53054 - 116?
-53170
In base 14, what is 9 - 4dc0a6?
-4dc09b
In base 7, what is -242131 + 1541?
-240260
In base 14, what is -14968ad - 13?
-14968c2
In base 7, what is 134 - -1104225?
1104362
In base 6, what is 1240010 + 25?
1240035
In base 5, what is 30332 + -21413222?
-21332340
In base 14, what is -136453 + -10c?
-136561
In base 6, what is 133311 + 3312?
141023
In base 2, what is -1000101100110000 + 101001110?
-1000100111100010
In base 2, what is 11011000 + 111000111111100011110?
111000111111111110110
In base 12, what is -41881 - 23a?
-41abb
In base 3, what is -10202 + -20012221221101?
-20012222002010
In base 15, what is 100795 + -e?
100786
In base 11, what is -5203420 + -3a?
-520345a
In base 4, what is 1122 - -2310023220?
2310031002
In base 12, what is 21a3 - 1866?
539
In base 5, what is -323004 + -1111?
-324120
In base 10, what is -3304340 + -2?
-3304342
In base 3, what is -220200112 + 11002202?
-202120210
In base 16, what is a1 - 5f6ae?
-5f60d
In base 6, what is 3015234052 - 1?
3015234051
In base 14, what is 4 + -216547b6?
-216547b2
In base 10, what is -133 - -81375?
81242
In base 10, what is -59862 - -5160?
-54702
In base 11, what is -265 + -154914?
-155079
In base 5, what is 40241134 + -44?
40241040
In base 12, what is -92319 - -5?
-92314
In base 9, what is 406 + 18823?
20330
In base 9, what is 1175646 - 7?
1175638
In base 15, what is -ab34b - 15?
-ab361
In base 11, what is 21092104 + 1?
21092105
In base 15, what is 50460 - -34?
50494
In base 15, what is 48de09 + 6?
48de10
In base 14, what is -3 + 23948b8?
23948b5
In base 6, what is 530510220 - -12?
530510232
In base 7, what is -35 + 16262415?
16262350
In base 5, what is 31104 - -142303?
223412
In base 14, what is 493b66 - 1?
493b65
In base 11, what is 55685 - 166?
5551a
In base 9, what is 768185 + -60?
768125
In base 12, what is 384 - 47766?
-473a2
In base 11, what is -8785605 - -3?
-8785602
In base 5, what is 102442403 - 11?
102442342
In base 9, what is 6 - -673552?
673558
In base 16, what is -467618 - -12?
-467606
In base 4, what is 33 + 30033111?
30033210
In base 5, what is -21210 - -202212?
131002
In base 9, what is 41111 + 121?
41232
In base 8, what is -147510 - 5302?
-155012
In base 3, what is 12100110 - 1221211020?
-1202110210
In base 8, what is 761 + -1511?
-530
In base 12, what is a6 - 1b248?
-1b162
In base 8, what is 4 + -125141774?
-125141770
In base 5, what is 123 - 43430020132?
-43430020004
In base 7, what is -263555521 + -4?
-263555525
In base 11, what is -3460 - -22125?
19775
In base 16, what is 398748 + -d?
39873b
In base 9, what is -36805 + -143?
-37048
In base 4, what is -11 - 1000011323232?
-1000011323303
In base 5, what is 234 + -20042003?
-20041214
In base 15, what is 1dd8ac - 3?
1dd8a9
In base 14, what is -17441 - -726?
-16b19
In base 10, what is -1078357 + 56?
-1078301
In base 5, what is 2032104 - 10004?
